Calculate the highest common factor of 94370 and 30.
10
Calculate the greatest common divisor of 14 and 72023.
7
Calculate the greatest common factor of 829 and 4616701.
829
Calculate the greatest common factor of 2703 and 37047.
159
What is the highest common factor of 3149181 and 111?
111
What is the highest common divisor of 182487 and 708?
177
What is the greatest common divisor of 408496 and 30976?
1936
What is the highest common factor of 585316 and 3652?
332
Calculate the greatest common divisor of 1362510 and 90.
90
Calculate the highest common divisor of 535 and 5.
5
What is the highest common divisor of 1999 and 1?
1
What is the greatest common divisor of 258 and 26144?
86
Calculate the highest common factor of 573 and 75827.
191
What is the highest common factor of 6981 and 41349?
537
What is the highest common factor of 144135 and 225?
45
What is the greatest common divisor of 16577892 and 18?
18
What is the greatest common divisor of 420 and 18620?
140
Calculate the greatest common factor of 7665 and 38780.
35
What is the highest common divisor of 1309 and 15913513?
1309
Calculate the greatest common divisor of 9720569 and 334.
167
What is the greatest common factor of 1852 and 347713?
463
Calculate the highest common divisor of 5681562 and 3.
3
Calculate the highest common factor of 1162 and 20538.
14
Calculate the greatest common factor of 11961 and 256497.
1329
Calculate the highest common factor of 13889263 and 23.
23
Calculate the highest common divisor of 867 and 513553.
289
What is the highest common divisor of 53 and 6791579?
53
What is the highest common divisor of 578 and 85748?
34
Calculate the highest common factor of 176 and 13112.
88
What is the greatest common factor of 4 and 3236?
4
Calculate the highest common divisor of 72025 and 430.
215
Calculate the highest common factor of 1030248 and 369.
369
Calculate the highest common factor of 21 and 1242577.
7
Calculate the greatest common divisor of 105 and 143745.
105
What is the greatest common divisor of 1098174 and 462?
462
Calculate the greatest common factor of 315465 and 75.
15
Calculate the highest common factor of 2280666 and 164.
82
What is the highest common factor of 20604 and 204?
204
Calculate the greatest common factor of 28 and 255794.
14
Calculate the highest common factor of 132 and 175164.
132
Calculate the greatest common divisor of 43027 and 221.
17
What is the highest common factor of 2041005 and 15?
15
Calculate the highest common divisor of 7 and 4408369.
7
What is the highest common factor of 14 and 475132?
14
Calculate the greatest common divisor of 26477 and 6391.
913
What is the greatest common factor of 535 and 1360?
5
What is the highest common divisor of 60 and 41316?
12
What is the highest common factor of 828 and 68172?
276
What is the greatest common factor of 322 and 1095122?
322
What is the highest common divisor of 2910 and 1368282?
582
What is the highest common factor of 867 and 21?
3
Calculate the greatest common factor of 463 and 88433.
463
What is the greatest common factor of 2753490 and 510?
510
Calculate the highest common factor of 4 and 206.
2
What is the greatest common factor of 10385 and 12586?
31
What is the highest common factor of 154 and 747010?
22
What is the greatest common divisor of 1640 and 230?
10
What is the greatest common factor of 556416 and 1296?
432
What is the greatest common divisor of 306 and 118971?
9
What is the greatest common divisor of 290 and 555350?
290
Calculate the greatest common factor of 88 and 2156792.
88
What is the highest common factor of 53430 and 150?
30
What is the greatest common divisor of 6347 and 9383?
11
What is the greatest common factor of 6832 and 1342?
122
What is the greatest common factor of 132 and 616164?
12
What is the highest common factor of 808841 and 330?
11
What is the highest common divisor of 247 and 624?
13
What is the greatest common divisor of 220 and 204644?
44
Calculate the greatest common divisor of 7925 and 1525.
25
Calculate the greatest common divisor of 512 and 7544.
8
What is the greatest common divisor of 2085 and 135?
15
What is the greatest common divisor of 28575 and 675?
225
Calculate the greatest common divisor of 120 and 174408.
24
What is the highest common factor of 104 and 16792?
8
Calculate the greatest common factor of 908700 and 468.
156
Calculate the highest common factor of 583076 and 572.
52
What is the greatest common factor of 295 and 778800?
295
What is the greatest common factor of 702735 and 495?
165
Calculate the highest common divisor of 428 and 17693948.
428
What is the highest common factor of 55367 and 13?
13
What is the highest common factor of 152 and 3032?
8
Calculate the highest common factor of 29405 and 10.
5
What is the greatest common factor of 54322 and 3806?
346
What is the greatest common divisor of 7653 and 219?
3
Calculate the greatest common factor of 1922565 and 335.
335
What is the greatest common factor of 851 and 4301?
23
Calculate the highest common divisor of 382 and 877454.
382
What is the highest common divisor of 24717 and 616?
77
What is the highest common factor of 18 and 254922?
6
Calculate the greatest common factor of 359513 and 1276.
319
What is the greatest common factor of 2269411 and 1186?
593
Calculate the greatest common factor of 1215 and 7155.
135
Calculate the highest common factor of 90059 and 13.
1
What is the highest common factor of 176 and 165836?
44
What is the highest common divisor of 127 and 66421?
127
What is the highest common factor of 130368 and 952?
56
Calculate the highest common divisor of 179 and 111875.
179
Calculate the greatest common factor of 7176 and 134412.
276
What is the greatest common factor of 9720 and 126720?
360
What is the highest common divisor of 47630 and 539?
11
What is the greatest common divisor of 6237 and 13398?
231
Calculate the highest common factor of 33 and 1731.
3
What is the greatest common factor of 45 and 41475?
15
What is the highest common divisor of 205 and 5980055?
205
What is the greatest common divisor of 117 and 195468?
39
What is the highest common divisor of 518 and 182?
14
Calculate the highest common factor of 130410 and 46690.
1610
What is the highest common factor of 20 and 7746260?
20
What is the highest common factor of 136084 and 100?
4
What is the greatest common divisor of 71376 and 1016?
8
What is the highest common factor of 1926 and 1329903?
963
Calculate the highest common factor of 175247 and 464.
29
What is the greatest common divisor of 56 and 230608?
56
Calculate the greatest common factor of 153 and 1017.
9
What is the greatest common divisor of 1993374 and 2655?
531
Calculate the highest common divisor of 7395 and 145095.
255
What is the greatest common divisor of 2936 and 152?
8
What is the greatest common factor of 1024 and 52992?
256
What is the highest common divisor of 432221 and 157?
157
Calculate the greatest common divisor of 33163 and 13.
13
Calculate the highest common divisor of 286 and 124894.
22
Calculate the greatest common factor of 13184920 and 1372.
1372
Calculate the highest common factor of 66 and 678.
6
What is the greatest common factor of 23516 and 40?
4
Calculate the highest common factor of 200 and 67880.
40
What is the highest common divisor of 72064 and 384?
128
Calculate the highest common factor of 2484 and 9177.
69
What is the greatest common factor of 945 and 70362?
27
What is the greatest common divisor of 456 and 6441?
57
Calculate the greatest common divisor of 42 and 102627.
21
Calculate the greatest common factor of 11990 and 2071.
109
Calculate the highest common divisor of 890 and 24386.
178
What is the highest common factor of 601083 and 252?
63
What is the greatest common factor of 390 and 857298?
78
Calculate the highest common factor of 59739 and 3.
3
What is the highest common divisor of 1232 and 564784?
176
Calculate the greatest common divisor of 7 and 137781.
7
Calculate the greatest common factor of 306 and 160497.
153
What is the greatest common factor of 60 and 16260?
60
What is the highest common factor of 126 and 7140?
42
What is the highest common divisor of 940 and 17890?
10
Calculate the highest common factor of 1798 and 3422.
58
What is the greatest common 